{"id":3995,"date":"2020-02-15T14:20:25","date_gmt":"2020-02-15T13:20:25","guid":{"rendered":"https:\/\/www.at-aviation.de\/wordpress\/?post_type=dt_team&#038;p=3995"},"modified":"2020-04-03T13:16:45","modified_gmt":"2020-04-03T12:16:45","slug":"michelle-tuerling","status":"publish","type":"dt_team","link":"https:\/\/www.at-aviation.de\/index.php\/dt_team\/michelle-tuerling\/","title":{"rendered":"Michelle T\u00fcrling"},"content":{"rendered":"<section class=\"wpb-content-wrapper\"><p><img loading=\"lazy\" decoding=\"async\" class=\"wp-image-4175 alignright\" src=\"https:\/\/www.at-aviation.de\/wp-content\/uploads\/2020\/03\/e1a6c3ee-40ac-45c4-85d5-4fe3765ff0d1-300x194.jpeg\" alt=\"\" width=\"244\" height=\"158\" srcset=\"https:\/\/www.at-aviation.de\/wp-content\/uploads\/2020\/03\/e1a6c3ee-40ac-45c4-85d5-4fe3765ff0d1-300x194.jpeg 300w, https:\/\/www.at-aviation.de\/wp-content\/uploads\/2020\/03\/e1a6c3ee-40ac-45c4-85d5-4fe3765ff0d1-1024x663.jpeg 1024w, https:\/\/www.at-aviation.de\/wp-content\/uploads\/2020\/03\/e1a6c3ee-40ac-45c4-85d5-4fe3765ff0d1-768x497.jpeg 768w, https:\/\/www.at-aviation.de\/wp-content\/uploads\/2020\/03\/e1a6c3ee-40ac-45c4-85d5-4fe3765ff0d1.jpeg 1277w\" sizes=\"auto, (max-width: 244px) 100vw, 244px\" \/>[vc_row][vc_column][vc_column_text]<\/p>\r\n<p><strong>Michelle T\u00fcrling<\/strong><\/p>\r\n<p><strong>Administration, B\u00fcroorganisation und Catering<\/strong>.<\/p>\r\n<p>&nbsp;<\/p>\r\n<p>Michelle unterst\u00fctzt ihren Vater als Assistentin der Gesch\u00e4ftsleitung im administrativen Bereich und bei der B\u00fcroorganisation.<\/p>\r\n<p>Im Rahmen der Durchf\u00fchrung von Veranstaltungen und Training-Events k\u00fcmmert sie sich um das Wohl unserer Kunden und verantwortet den Bereich Catering.<\/p>\r\n<p>&nbsp;<\/p>\r\n\r\n\r\n\r\n<p>&nbsp;<\/p>\r\n<p>[\/vc_column_text][\/vc_column][\/vc_row]<\/p><\/section>","protected":false},"excerpt":{"rendered":"<p>[vc_row][vc_column][vc_column_text] Michelle T\u00fcrling Administration, B\u00fcroorganisation und Catering. &nbsp; Michelle unterst\u00fctzt ihren Vater als Assistentin der Gesch\u00e4ftsleitung im administrativen Bereich und bei der B\u00fcroorganisation. Im Rahmen der Durchf\u00fchrung von Veranstaltungen und Training-Events k\u00fcmmert sie sich um das Wohl unserer Kunden und verantwortet den Bereich Catering. &nbsp; &nbsp; [\/vc_column_text][\/vc_column][\/vc_row]<\/p>\n","protected":false},"featured_media":4175,"comment_status":"closed","ping_status":"closed","template":"","dt_team_category":[33],"class_list":["post-3995","dt_team","type-dt_team","status-publish","has-post-thumbnail","hentry","dt_team_category-sonstige-mitarbeiter","dt_team_category-33","description-off"],"_links":{"self":[{"href":"https:\/\/www.at-aviation.de\/index.php\/wp-json\/wp\/v2\/dt_team\/3995","targetHints":{"allow":["GET"]}}],"collection":[{"href":"https:\/\/www.at-aviation.de\/index.php\/wp-json\/wp\/v2\/dt_team"}],"about":[{"href":"https:\/\/www.at-aviation.de\/index.php\/wp-json\/wp\/v2\/types\/dt_team"}],"replies":[{"embeddable":true,"href":"https:\/\/www.at-aviation.de\/index.php\/wp-json\/wp\/v2\/comments?post=3995"}],"wp:featuredmedia":[{"embeddable":true,"href":"https:\/\/www.at-aviation.de\/index.php\/wp-json\/wp\/v2\/media\/4175"}],"wp:attachment":[{"href":"https:\/\/www.at-aviation.de\/index.php\/wp-json\/wp\/v2\/media?parent=3995"}],"wp:term":[{"taxonomy":"dt_team_category","embeddable":true,"href":"https:\/\/www.at-aviation.de\/index.php\/wp-json\/wp\/v2\/dt_team_category?post=3995"}],"curies":[{"name":"wp","href":"https:\/\/api.w.org\/{rel}","templated":true}]}}

Michelle Türling

<section class="wpb-content-wrapper"><p><img loading="lazy" decoding="async" class="wp-image-4175 alignright" src="https://www.at-aviation.de/wp-content/uploads/2020/03/e1a6c3ee-40ac-45c4-85d5-4fe3765ff0d1-300x194.jpeg" alt="" width="244" height="158" srcset="https://www.at-aviation.de/wp-content/uploads/2020/03/e1a6c3ee-40ac-45c4-85d5-4fe3765ff0d1-300x194.jpeg 300w, https://www.at-aviation.de/wp-content/uploads/2020/03/e1a6c3ee-40ac-45c4-85d5-4fe3765ff0d1-1024x663.jpeg 1024w, https://www.at-aviation.de/wp-content/uploads/2020/03/e1a6c3ee-40ac-45c4-85d5-4fe3765ff0d1-768x497.jpeg 768w, https://www.at-aviation.de/wp-content/uploads/2020/03/e1a6c3ee-40ac-45c4-85d5-4fe3765ff0d1.jpeg 1277w" sizes="auto, (max-width: 244px) 100vw, 244px" />[vc_row][vc_column][vc_column_text]</p>
<p><strong>Michelle Türling</strong></p>
<p><strong>Administration, Büroorganisation und Catering</strong>.</p>
<p>&nbsp;</p>
<p>Michelle unterstützt ihren Vater als Assistentin der Geschäftsleitung im administrativen Bereich und bei der Büroorganisation.</p>
<p>Im Rahmen der Durchführung von Veranstaltungen und Training-Events kümmert sie sich um das Wohl unserer Kunden und verantwortet den Bereich Catering.</p>
<p>&nbsp;</p>



<p>&nbsp;</p>
<p>[/vc_column_text][/vc_column][/vc_row]</p></section>

<p>[vc_row][vc_column][vc_column_text] Michelle Türling Administration, Büroorganisation und Catering. &nbsp; Michelle unterstützt ihren Vater als Assistentin der Geschäftsleitung im administrativen Bereich und bei der Büroorganisation. Im Rahmen der Durchführung von Veranstaltungen und Training-Events kümmert sie sich um das Wohl unserer Kunden und verantwortet den Bereich Catering. &nbsp; &nbsp; [/vc_column_text][/vc_column][/vc_row]</p>
